000101
Convert 33889 (base 10) to base 13.
1256b
-5de (base 15) to base 7
-3614
210112 (base 3) to base 8
1105
2201011020 (base 3) to base 4
31001103
Convert -10001101011000 (base 2) to base 7.
-35244
Convert 78 (base 9) to base 7.
131
14b7 (base 13) to base 10
3023
Convert 54 (base 15) to base 7.
142
Convert -403430 (base 5) to base 14.
-4a3c
What is 506 (base 8) in base 4?
11012
-11001110 (base 2) to base 9
-248
-310 (base 6) to base 8
-162
What is -1227 (base 14) in base 16?
-c63
Convert 51074 (base 9) to base 2.
1000001101000001
What is -182 (base 10) in base 5?
-1212
What is 2629 (base 16) in base 6?
113121
Convert 100540 (base 6) to base 13.
382b
What is -1454 (base 10) in base 12?
-a12
Convert -25a8 (base 12) to base 4.
-1003100
What is 194 (base 13) in base 6?
1202
2637 (base 8) to base 16
59f
What is -314141 (base 6) in base 8?
-61715
16363 (base 7) to base 9
6337
203430 (base 6) to base 5
1010422
Convert 62 (base 8) to base 2.
110010
Convert -2422 (base 6) to base 15.
-295
12332 (base 4) to base 7
1205
Convert 249 (base 10) to base 12.
189
What is 531 (base 10) in base 5?
4111
What is -5a6 (base 11) in base 10?
-721
Convert -453 (base 8) to base 2.
-100101011
What is 438 (base 9) in base 14?
1b9
Convert -55c (base 13) to base 6.
-4134
What is -22201220 (base 3) in base 14?
-246d
-3232 (base 4) to base 3
-22211
0 (base 13) to base 8
0
What is -203112 (base 6) in base 3?
-211021122
What is -211112 (base 3) in base 15?
-2a8
Convert -34004 (base 9) to base 14.
-8347
1340 (base 5) to base 11
190
1c52 (base 13) to base 16
10c4
What is 10df8 (base 16) in base 11?
47a1a
-778 (base 9) to base 14
-338
Convert -1221c (base 14) to base 3.
-2020210120
-31232 (base 5) to base 4
-200103
What is 25c (base 13) in base 7?
1132
Convert -482 (base 9) to base 5.
-3043
-185 (base 16) to base 14
-1db
What is -10111100010 (base 2) in base 15?
-6a6
What is 23312 (base 4) in base 13?
464
What is -102101112 (base 3) in base 8?
-20157
-1000000100011 (base 2) to base 7
-15021
What is 51 (base 7) in base 15?
26
-31011020 (base 4) to base 7
-312125
What is 10111100000 (base 2) in base 5?
22004
What is 9c58 (base 14) in base 2?
110100111110110
Convert -1d9 (base 16) to base 9.
-575
What is -37522 (base 9) in base 7?
-133334
What is 1545 (base 9) in base 5?
14200
-2a02 (base 11) to base 2
-111100100010
Convert -20d7 (base 14) to base 10.
-5677
-1565 (base 15) to base 13
-2126
Convert -19569 (base 15) to base 8.
-240460
What is -884 (base 13) in base 3?
-2000002
197d (base 14) to base 2
1001000001011
What is -195b (base 12) in base 10?
-3095
Convert 1643 (base 10) to base 8.
3153
What is 5217 (base 14) in base 13?
6582
1100100010010 (base 2) to base 3
22210201
Convert 214 (base 7) to base 15.
74
110010000000010 (base 2) to base 16
6402
What is -10245 (base 6) in base 2?
-10101110101
What is -11000101001000 (base 2) in base 13?
-5986
Convert 13413 (base 5) to base 9.
1461
Convert -1416 (base 8) to base 5.
-11112
-617 (base 11) to base 3
-1000120
What is -1634 (base 9) in base 8?
-2336
What is -ef67 (base 16) in base 15?
-1325c
44220 (base 5) to base 7
11631
Convert 2013 (base 5) to base 6.
1110
-1619 (base 11) to base 13
-c3a
What is -230123 (base 4) in base 5?
-42333
-54650 (base 7) to base 12
-7b22
What is -212114 (base 5) in base 12?
-4187
-234256 (base 7) to base 2
-1010010101011000
7596 (base 12) to base 9
18656
Convert 502305 (base 6) to base 10.
39425
-446312 (base 7) to base 6
-1405542
11001101010 (base 2) to base 13
994
24431 (base 8) to base 16
2919
-4469 (base 11) to base 6
-43123
-87 (base 10) to base 16
-57
-1521 (base 9) to base 8
-2201
What is -2bb (base 12) in base 6?
-1555
What is 12311 (base 4) in base 13?
278
b3 (base 12) to base 8
207
Convert -14831 (base 9) to base 8.
-23651
What is -1010110010111 (base 2) in base 4?
-1112113
What is 275 (base 14) in base 6?
2143
1327 (base 10) to base 6
10051
1543 (base 12) to base 2
100111000011
What is 14a (base 16) in base 11?
280
What is 14479 (base 13) in base 9?
57261
Convert -1936 (base 15) to base 13.
-2634
d2d (base 14) to base 13
1242
What is 6604 (base 7) in base 15?
a71
What is 151 (base 8) in base 3?
10220
What is -525 (base 6) in base 11?
-16a
1087 (base 13) to base 4
210010
What is 9b (base 16) in base 15?
a5
-22301 (base 5) to base 11
-1203
Convert -510 (base 10) to base 5.
-4020
Convert 1262 (base 8) to base 4.
22302
Convert 21052 (base 6) to base 3.
10220012
Convert 2230332 (base 4) to base 8.
25476
What is -893 (base 14) in base 2?
-11010100001
Convert -200110202 (base 3) to base 2.
-11010010011010
Convert 418 (base 9) to base 11.
290
3a5 (base 12) to base 10
557
Convert 41121 (base 6) to base 9.
7424
19b6 (base 12) to base 15
e0c
What is -1438 (base 9) in base 4?
-101000
3d6 (base 15) to base 14
468
What is -4837 (base 11) in base 12?
-37b8
9062 (base 12) to base 2
11110100001010
Convert 1168 (base 15) to base 12.
2182
1110000000001 (base 2) to base 10
7169
20200 (base 3) to base 10
180
What is 977 (base 10) in base 12?
695
Convert -a47 (base 11) to base 7.
-3451
1102200000 (base 3) to base 14
a3b6
What is -5286 (base 14) in base 3?
-201112001
Convert 34cc (base 14) to base 11.
6a00
Convert -1000111010 (base 2) to base 3.
-210010
What is -34043 (base 9) in base 4?
-11201232
What is -4635 (base 16) in base 8?
-43065
-3331 (base 6) to base 8
-1407
1000210 (base 3) to base 14
3b8
What is -1244 (base 5) in base 3?
-21101
2a9 (base 15) to base 7
1530
Convert -435 (base 12) to base 6.
-2505
Convert -6544 (base 8) to base 7.
-12665
What is 10001110000 (base 2) in base 8?
2160
Convert -1132410 (base 5) to base 8.
-50764
Convert b1 (base 13) to base 3.
12100
What is 302010 (base 4) in base 8?
6204
What is -21130 (base 8) in base 13?
-4004
What is 121547 (base 8) in base 3?
2010101022
-2421 (base 12) to base 16
-fd9
What is -11221 (base 8) in base 7?
-16600
Convert 62102 (base 10) to base 7.
346025
-3423 (base 11) to base 12
-2732
Convert -416 (base 8) to base 13.
-17a
-34434 (base 6) to base 3
-20202011
What is -37287 (base 11) in base 10?
-53577
20201 (base 3) to base 13
10c
Convert 32130 (base 7) to base 6.
100503
Convert -1749 (base 14) to base 2.
-1000001010101
Convert 6456 (base 12) to base 14.
4026
332115 (base 6) to base 13
c7b5
Convert -21a4 (base 11) to base 4.
-231101
101100010111 (base 2) to base 11
2151
-1047 (base 11) to base 9
-1805
What is 2103033 (base 4) in base 11?
7097
Convert -222221 (base 3) to base 11.
-601
148 (base 10) to base 9
174
What is -375 (base 8) in base 14?
-141
Convert -5a7 (base 11) to base 16.
-2d2
Convert -1121202 (base 4) to base 11.
-433a
2204342 (base 5) to base 2
1001010011010001
Convert -16831 (base 11) to base 13.
-a9a8
-7421 (base 10) to base 3
-101011212
What is -73 (base 14) in base 8?
-145
Convert 464 (base 8) to base 3.
102102
Convert -42210 (base 5) to base 14.
-1045
What is -5b97 (base 13) in base 15?
-3c98
-145243 (base 6) to base 5
-423024
What is -11111101000101 (base 2) in base 3?
-211012220
-1a4 (base 11) to base 9
-281
What is 1324313 (base 5) in base 12?
13641
a0dd (base 14) to base 12
13bab
82b (base 14) to base 3
2012112
Convert 17476 (base 11) to base 4.
11333031
-100110101 (base 2) to base 4
-10311
Convert -4618 (base 13) to base 8.
-23137
514 (base 7) to base 16
100
What is 9837 (base 11) in base 3?
122211000
60b6 (base 15) to base 9
31010
What is -662 (base 8) in base 10?
-434
What is 135 (base 16) in base 9?
373
Convert -24de (base 15) to base 6.
-100215
23321103 (base 4) to base 7
262023
What is -2a5 (base 13) in base 7?
-1244
Convert 4339 (base 11) to base 13.
27b9
Convert -34566 (base 8) to base 11.
-10063
25221 (base 6) to base 8
7255
124a (base 12) to base 7
6022
What is -1197 (base 14) in base 13?
-1525
648 (base 12) to base 7
2453
Convert 740 (base 13) to base 14.
643
Convert -2221211 (base 5) to base 11.
-27282
What is 3142 (base 12) in base 2?
1010100000010
-5421 (base 7) to base 10
-1926
Convert 125 (base 12) to base 8.
255
11786 (base 12) to base 7
125505
Convert -210205 (base 7) to base 8.
-106426
Convert -9570 (base 11) to base 6.
-134341
2313 (base 8) to base 13
735
-1100001010 (base 2) to base 14
-3d8
Convert 23213313 (base 4) to base 6.
1004223
What is -8546 (base 16) in base 14?
-c610
-114c (base 14) to base 8
-5700
C